{"id":61,"date":"2025-06-17T17:33:29","date_gmt":"2025-06-17T20:33:29","guid":{"rendered":"https:\/\/lunetas.unilab.edu.br\/?page_id=61"},"modified":"2026-03-24T08:35:04","modified_gmt":"2026-03-24T11:35:04","slug":"editais","status":"publish","type":"page","link":"https:\/\/lunetas.unilab.edu.br\/?page_id=61","title":{"rendered":"Editais"},"content":{"rendered":"\n<h2 class=\"wp-block-heading\"><strong>2026<\/strong><\/h2>\n\n\n\n<div class=\"wp-block-columns is-layout-flex wp-container-core-columns-is-layout-28f84493 wp-block-columns-is-layout-flex\">\n<div class=\"wp-block-column is-layout-flow wp-block-column-is-layout-flow\" style=\"flex-basis:100%\">\n<ul class=\"wp-block-list\">\n<li><a href=\"https:\/\/lunetas.unilab.edu.br\/wp-content\/uploads\/2026\/02\/SEI_UNILAB-Resultado-Final-AT-NS.pdf\"><\/a><a href=\"https:\/\/lunetas.unilab.edu.br\/wp-content\/uploads\/2026\/03\/Projeto-Lunetas_Edital-03-2026.pdf\" target=\"_blank\" rel=\"noreferrer noopener\"><strong>EDITAL PROJETO LUNETAS N\u00ba 03\/2026 &#8211;<\/strong> SELE\u00c7\u00c3O DE ESTUDANTES DE INICIA\u00c7\u00c3O CIENT\u00cdFICA (IC) PARA O PROJETO LUNETAS<\/a><\/li>\n<\/ul>\n<\/div>\n<\/div>\n\n\n\n<ul class=\"wp-block-list\">\n<li><a href=\"https:\/\/lunetas.unilab.edu.br\/wp-content\/uploads\/2026\/03\/Resultado-Parcial-Edital-03-2026.pdf\"><strong>Resultado preliminar Edital N\u00ba 03\/2026 &#8211;<\/strong> SELE\u00c7\u00c3O DE ESTUDANTES DE INICIA\u00c7\u00c3O CIENT\u00cdFICA (IC) PARA O PROJETO LUNETAS<\/a><\/li>\n<\/ul>\n\n\n\n<ul class=\"wp-block-list\">\n<li><a href=\"https:\/\/lunetas.unilab.edu.br\/wp-content\/uploads\/2026\/03\/Resultado-Final-Edital-03-2026.pdf\"><strong>Resultado final Edital N\u00ba 03\/2026 &#8211;<\/strong> SELE\u00c7\u00c3O DE ESTUDANTES DE INICIA\u00c7\u00c3O CIENT\u00cdFICA (IC) PARA O PROJETO LUNETAS<\/a><\/li>\n<\/ul>\n\n\n\n<ul class=\"wp-block-list\">\n<li><a href=\"https:\/\/lunetas.unilab.edu.br\/wp-content\/uploads\/2026\/01\/Projeto-Lunetas_Edital-02-2026.pdf\" target=\"_blank\" rel=\"noreferrer noopener\"><strong>EDITAL PROJETO LUNETAS N\u00ba 02\/2026 &#8211;<\/strong> SELE\u00c7\u00c3O DE ESTUDANTES BOLSISTAS ICJ (INICIA\u00c7\u00c3O CIENT\u00cdFICA J\u00daNIOR) PARA O PROJETO LUNETAS<\/a><\/li>\n<\/ul>\n\n\n\n<ul class=\"wp-block-list\">\n<li><a href=\"https:\/\/lunetas.unilab.edu.br\/wp-content\/uploads\/2026\/02\/SEI_UNILAB-Projeto-Lunetas_Resultado-Final-ICJ-1.pdf\"><strong>Resultado Final Edital N\u00ba02\/2026 &#8211;<\/strong> Sele\u00e7\u00e3o de bolsistas ICJ para o Projeto Lunetas<\/a><\/li>\n<\/ul>\n\n\n\n<ul class=\"wp-block-list\">\n<li><a href=\"https:\/\/lunetas.unilab.edu.br\/wp-content\/uploads\/2026\/01\/Projeto-Lunetas_Edital-01-2026.pdf\" target=\"_blank\" rel=\"noreferrer noopener\"><strong>EDITAL PROJETO LUNETAS N\u00ba 01\/2026 &#8211;<\/strong> SELE\u00c7\u00c3O DE PROFESSORES BOLSISTAS AT-NS PARA O PROJETO LUNETAS<\/a><\/li>\n<\/ul>\n\n\n\n<ul class=\"wp-block-list\">\n<li><a href=\"https:\/\/lunetas.unilab.edu.br\/wp-content\/uploads\/2026\/02\/SEI_UNILAB_Resultado-Parcial_Edital-01-2026.pdf\"><strong>Resultado preliminar Edital N\u00ba 01\/2026 &#8211;<\/strong> SELE\u00c7\u00c3O DE PROFESSORES BOLSISTAS AT-NS PARA O PROJETO LUNETAS<\/a><\/li>\n<\/ul>\n\n\n\n<ul class=\"wp-block-list\">\n<li><a href=\"https:\/\/lunetas.unilab.edu.br\/wp-content\/uploads\/2026\/02\/SEI_UNILAB-Resultado-Final-AT-NS.pdf\"><strong>Resultado final Edital N\u00ba 01\/2026 &#8211;<\/strong> SELE\u00c7\u00c3O DE PROFESSORES BOLSISTAS AT-NS PARA O PROJETO LUNETAS<\/a><\/li>\n<\/ul>\n\n\n\n<h2 class=\"wp-block-heading\"><strong>2025<\/strong><\/h2>\n\n\n\n<ul class=\"wp-block-list\">\n<li><a href=\"https:\/\/lunetas.unilab.edu.br\/wp-content\/uploads\/2025\/07\/SEI_UNILAB-1220799-Edital-1.pdf\"><strong>EDITAL PROJETO LUNETAS N\u00ba 01\/2025 &#8211;<\/strong> SELE\u00c7\u00c3O DE BOLSISTAS DE INICIA\u00c7\u00c3O CIENT\u00cdFICA PARA O PROJETO LUNETAS &#8211; EMPODERANDO MENINAS NA CI\u00caNCIA E TECNOLOGIA<\/a><\/li>\n<\/ul>\n\n\n\n<ul class=\"wp-block-list\">\n<li><a href=\"https:\/\/lunetas.unilab.edu.br\/wp-content\/uploads\/2025\/07\/SEI_UNILAB-1232913-Resultado-preliminar.pdf\" data-type=\"link\" data-id=\"https:\/\/lunetas.unilab.edu.br\/wp-content\/uploads\/2025\/07\/SEI_UNILAB-1232913-Resultado-preliminar.pdf\">Resultado preliminar Edital Projeto Lunetas N\u00ba 01\/2025<\/a> <\/li>\n<\/ul>\n\n\n\n<ul class=\"wp-block-list\">\n<li><a href=\"https:\/\/lunetas.unilab.edu.br\/wp-content\/uploads\/2025\/07\/SEI_UNILAB-1234357-Resultado-FINAL.pdf\">Resultado Final Edital Projeto Lunetas N\u00ba01\/2025<\/a><\/li>\n<\/ul>\n\n\n\n<ul class=\"wp-block-list\">\n<li><a href=\"https:\/\/lunetas.unilab.edu.br\/wp-content\/uploads\/2025\/08\/SEI_UNILAB-1240952-Edital_Pos-doc.pdf\" data-type=\"link\" data-id=\"https:\/\/lunetas.unilab.edu.br\/wp-content\/uploads\/2025\/08\/SEI_UNILAB-1240952-Edital_Pos-doc.pdf\"><strong>EDITAL PROJETO LUNETAS N\u00ba02\/2025 &#8211;<\/strong> SELE\u00c7\u00c3O DE BOLSISTA DE P\u00d3S-DOUTORADO PARA O PROJETO LUNETAS &#8211; EMPODERANDO MENINAS NA CI\u00caNCIA E TECNOLOGIA<\/a><\/li>\n<\/ul>\n\n\n\n<ul class=\"wp-block-list\">\n<li><a href=\"https:\/\/lunetas.unilab.edu.br\/wp-content\/uploads\/2025\/08\/SEI_UNILAB-1250601-Resultado-Parcial.pdf\" data-type=\"link\" data-id=\"https:\/\/lunetas.unilab.edu.br\/wp-content\/uploads\/2025\/08\/SEI_UNILAB-1250601-Resultado-Parcial.pdf\">Resultado preliminar Edital Projeto Lunetas N\u00ba 02\/2025<\/a><\/li>\n<\/ul>\n\n\n\n<ul class=\"wp-block-list\">\n<li><a href=\"https:\/\/lunetas.unilab.edu.br\/wp-content\/uploads\/2025\/08\/SEI_UNILAB-1253439-Resultado-Final.pdf\" data-type=\"link\" data-id=\"https:\/\/lunetas.unilab.edu.br\/wp-content\/uploads\/2025\/08\/SEI_UNILAB-1253439-Resultado-Final.pdf\">Resultado Final Edital Projeto Lunetas N\u00ba02\/2025<\/a><\/li>\n<\/ul>\n\n\n\n<p><\/p>\n","protected":false},"excerpt":{"rendered":"<p>2026 2025<\/p>\n","protected":false},"author":2,"featured_media":0,"parent":0,"menu_order":0,"comment_status":"closed","ping_status":"closed","template":"","meta":{"footnotes":""},"class_list":["post-61","page","type-page","status-publish","hentry"],"_links":{"self":[{"href":"https:\/\/lunetas.unilab.edu.br\/index.php?rest_route=\/wp\/v2\/pages\/61","targetHints":{"allow":["GET"]}}],"collection":[{"href":"https:\/\/lunetas.unilab.edu.br\/index.php?rest_route=\/wp\/v2\/pages"}],"about":[{"href":"https:\/\/lunetas.unilab.edu.br\/index.php?rest_route=\/wp\/v2\/types\/page"}],"author":[{"embeddable":true,"href":"https:\/\/lunetas.unilab.edu.br\/index.php?rest_route=\/wp\/v2\/users\/2"}],"replies":[{"embeddable":true,"href":"https:\/\/lunetas.unilab.edu.br\/index.php?rest_route=%2Fwp%2Fv2%2Fcomments&post=61"}],"version-history":[{"count":23,"href":"https:\/\/lunetas.unilab.edu.br\/index.php?rest_route=\/wp\/v2\/pages\/61\/revisions"}],"predecessor-version":[{"id":238,"href":"https:\/\/lunetas.unilab.edu.br\/index.php?rest_route=\/wp\/v2\/pages\/61\/revisions\/238"}],"wp:attachment":[{"href":"https:\/\/lunetas.unilab.edu.br\/index.php?rest_route=%2Fwp%2Fv2%2Fmedia&parent=61"}],"curies":[{"name":"wp","href":"https:\/\/api.w.org\/{rel}","templated":true}]}}